 - p*z. Suppose 2*f = f - 1. Give u(f).
23
Let g = 39 - 8. Let r = -31 + g. Suppose 0 = 8*i - r*i - 48. Let q(c) = -c**3 + 7*c**2 - 7*c + 1. Calculate q(i).
-5
Let x(c) = -c**2 - 4*c. Let f = 12 - 9. Let b be 10 - (-3 + f + 2). Let i = 6 - b. Calculate x(i).
4
Let j(a) = 2*a - 15. Let i be j(-11). Let r = 39 + i. Let y(s) = -5*s + 4. Calculate y(r).
-6
Let r(l) = 2*l**2 + 30*l - 29. Suppose -43*j + 47*j + 64 = 0. Give r(j).
3
Let j(v) = 2*v**2 + 6*v + 0*v**2 - 2 + v**2 - 2*v**2 + 0*v**2. Suppose -3*t = -6*t - 3. Let a be 5/((-4)/t + -5). Give j(a).
-7
Let g(v) = -v + 17. Let s(z) = -z**3 - 13*z**2 - 16*z + 6. Let p be s(-11). Let f be ((-192)/p)/(4/(-10))*-1. Give g(f).
9
Let j(z) = -37*z**3 + 17*z**2 - 8*z + 11. Let h(v) = 21*v**3 - 9*v**2 + 4*v - 6. Let x(q) = 7*h(q) + 4*j(q). Let u be 0 + 4/(8/6). Give x(u).
8
Let m(n) be the first derivative of 2*n**2 + n + 8950. Suppose 0 = 2*v - 4*v. Suppose -y + s = 2*y + 2, -4*y - 5*s - 9 = v. What is m(y)?
-3
Let k(v) be the second derivative of -1/20*v**5 + 1/4*v**4 + 254*v + 0*v**3 - 3*v**2 + 0. Determine k(3).
-6
Let a(q) = q. Let w(h) = -3*h - 11. Let n(r) = -4*a(r) - w(r). Let f = 42 - 38. Suppose -8*t = -f*t + t. Calculate n(t).
11
Let m(z) = 2 + 4203295*z + z**3 - 11 - 8*z**2 - 4203312*z. What is m(10)?
21
Let l(z) = z**3 + z**2. Let k(v) = -4*v**3 - 11*v**2 - 7*v + 8. Let r(o) = k(o) + 5*l(o). Suppose -21*n + 19*n = 5*c - 33, 5*n + 12 = c. Calculate r(c).
8
Let r(w) = -2 + 3*w - 3*w + w. Let u(g) = -3*g**2 - 178*g + 360. Let m be u(2). Determine r(m).
-10
Let t(d) = -61 + 776*d + 793*d - 1554*d - d**3 - 18*d**2 - 13. Give t(-19).
2
Suppose 55 = -4*w + 79, 3*y + 4*w - 48 = 0. Let a(j) = j**3 - 10*j**2 + 15*j + 17. Determine a(y).
9
Let i(x) = -5*x**2 + 3*x + 10. Let k(d) = -7*d**2 + 2*d + 14. Let j(y) = -3*i(y) + 2*k(y). Let b(o) = -3*o + 15. Let w be b(6). What is j(w)?
22
Let v(g) = 3*g**2 + 6*g + 4. Suppose 9*m - 90 = -6*m. Let a be m/4*(-288)/108. Give v(a).
28
Let p(s) = s + 1. Let d = 85 + -83. Let f(t) = t + 2. Let y(o) = d*p(o) - f(o). What is y(-6)?
-6
Suppose -2*y = -3*p - y - 119, 4*p + 5*y + 146 = 0. Suppose -2*g - 68 = n, 0 = -g + n - 5*n - 34. Let f = g - p. Let t(c) = -c + 2. Determine t(f).
-3
Let l(f) = -f**2 + 2*f - 2. Let c be l(2). Let p(s) be the third derivative of 0*s + 1 - 7/24*s**4 - 1/3*s**3 + 20*s**2. Give p(c).
12
Let s(u) = 6 + 13*u + 12*u - 24*u. Let a(h) = 4*h**2 + h + 1. Let n be a(-1). Let i be (-8)/(-2) - 8 - -1*n. What is s(i)?
6
Let c(w) be the first derivative of w**4/4 + 2*w**3 + 11*w**2/2 + 12*w + 1044. Determine c(-4).
0
Suppose -605*v + 785*v - 720 = 0. Let f(b) = 2*b**3 - 11*b**2 + 6*b + 15. Give f(v).
-9
Suppose 4*w + r + 118 = 0, 3*r - 123 = 3*w - 2*r. Let s(b) = -b**2 - 35*b - 71. Calculate s(w).
53
Let v(c) = -c**2 + 10*c - 1. Let n = -24025 + 24022. What is v(n)?
-40
Let r(k) = 13*k + 237. Let v be r(-18). Let o(x) = -x**3 + 0*x**3 + 2*x**2 - 2*x + x + x**v + x**3. What is o(-3)?
-6
Let m(k) be the second derivative of k**3/6 + 2*k**2 - 5*k + 1. Let s(p) = 5*p + 21. Let b(v) = -11*m(v) + 2*s(v). Determine b(0).
-2
Let n be 2/8 + (-235)/(-4) + 1. Suppose 222 = -3*v - n. Let h = 98 + v. Let j(l) = -l**3 + 5*l**2 - 7*l + 4. Determine j(h).
-8
Let o(f) = 7*f**2 + 8*f + 10. Let w = 10920 - 10922. Determine o(w).
22
Let q(s) = 14*s - 7. Let y be q(1). Let p(h) = -13 - 9 + 20 + 6*h + y*h. Calculate p(-2).
-28
Let v(b) = -b - 11. Let f be v(-9). Let r(t) = t**2 - t + 8. Let i(s) = -2*s**2 - 2*s + 8. Let o(m) = i(m) - r(m). Give o(f).
-10
Let i(x) = 7*x - 15*x + 7*x - 15. Suppose 2*c - 4*v = -7*v - 24, 0 = v. What is i(c)?
-3
Let v be 0 + (-147)/(-6)*6. Suppose 0 = -22*u + u + v. Let o(n) = n**3 - 5*n**2 - 9*n - 7. Give o(u).
28
Let v(m) = -m**2 + 4*m + 6. Suppose 16*b - 339 = 1101. Suppose -3*g + 21*g = b. Give v(g).
1
Let q(y) = y**2 - 10*y + 10. Let r(d) = 14*d**2 + 3*d + 7. Let v be r(-3). Let w = v + -116. What is q(w)?
-6
Let c(d) = 3*d - 2. Let o(r) = -7*r + 31. Let l be o(-8). Let u = l + -82. Calculate c(u).
13
Let x(w) = -w - 1. Let b be 2/10 + 12/90*-24. Determine x(b).
2
Suppose 21 = -3*j + 2*j - 4*i, 3*j + 36 = -3*i. Let x be ((-24)/14)/(j/63). Suppose 0 = -4*q + 3*q - 5*y - 9, -q = -2*y - x. Let w(f) = -f + 3. Calculate w(q).
-3
Suppose -3*a = -p - 4, p + 4*p + 2*a = 14. Let g(c) = 11 + c - c**3 - 3*c**3 + 3*c**3 - p*c. Let z be (-4)/7 + (108/21)/9. What is g(z)?
11
Suppose 0 = 6*l - 2*l - 24. Let n(h) be the first derivative of 2*h**2 - 7*h - 5054. Determine n(l).
17
Let h(s) = -s**2 + 80*s + 248. Let l be h(83). Let q(c) = 66*c + 74. What is q(l)?
8
Let w(m) be the first derivative of -m**3/3 + 2*m**2 - m + 5. Let r(l) be the first derivative of w(l). Determine r(3).
-2
Let y = 2 + 4. Suppose -4*x = x - 2*s - 16, 10 = 4*x - 3*s. Let c(u) = 10 - 2 - x*u**2 + u**3 - 8*u - 8 - 2. What is c(y)?
22
Let j(g) = 1 + 7*g**2 - 2*g + 3*g - 9*g**2. Let m(z) = -2*z - 5. Let v be m(0). Let r(a) = -3*a - 16. Let x be r(v). What is j(x)?
-2
Let m(o) = -o + 1. Let u(j) = j**3 + 7*j**2 + 10*j + 9. Let r be u(-4). Let q = -30 - -50. Let n = q - r. Determine m(n).
-2
Suppose -5*g - 2*b - 2*b = -10, -2*g - b + 7 = 0. Let o(i) = -12*i + 31. Let l(q) = 2*q - 3. Let h(x) = 4*l(x) + o(x). What is h(g)?
-5
Let x(f) = -14*f - 535. Let p(l) = 35*l + 1321. Let d(g) = 5*p(g) + 12*x(g). Determine d(-34).
-53
Let q(w) = -19*w - 9. Let y(v) = 11*v + 5. Let n(l) = 6*q(l) + 11*y(l). Let t(s) = 25*s + 3. Let j(u) = -7*n(u) + 2*t(u). What is j(-5)?
-6
Let l(i) be the second derivative of i**3/2 + 81*i**2/2 - 1460*i. Give l(-17).
30
Let c(x) = -12*x + 83. Let i(k) = 23*k - 139. Let f(m) = -5*c(m) - 3*i(m). What is f(0)?
2
Suppose 0 = 31*v - 180 + 676. Let f = v + 16. Let c(i) = -i**3 + i**2 + i - 2. Give c(f).
-2
Let f(o) be the first derivative of o**3/3 + 16*o**2 - 3*o + 161. Determine f(-32).
-3
Suppose 4*w - 55 = -54*y + 55*y, w + 2 = -5*y. Let p(a) = 8*a - 13. Calculate p(w).
91
Let o(v) = v**3 - 8*v**2 + 41*v + 2. Let m be o(6). Let d(y) = -182*y - 11 + m*y - 2*y**2 + 3*y**2. Suppose -4 - 20 = -f - 4*h, 4*h = 2*f. Determine d(f).
5
Let j(k) be the third derivative of -k**5/60 + k**4/8 + 25*k**3/3 - 2344*k**2. Give j(-6).
-4
Let g(b) = -15*b**2 + 78*b - 20. Let r(d) = 10*d**2 - 50*d + 13. Let l(j) = -7*g(j) - 11*r(j). Let u = -2 + 4. Determine l(u).
-15
Suppose -10*c - 28 = -14*c. Suppose -c*g + 148 = 43. Let m(k) = 3*k**2 + g - 16 + 12*k**2. Calculate m(-1).
14
Let h(x) = -5012 + 9999 - x - 4998. Calculate h(8).
-19
Let q(r) = -10*r**2 - 82*r - 27. Let a be q(-8). Let v(i) be the first derivative of -i**3/3 - 6*i**2 - 9*i - 3. Give v(a).
2
Let l = -204 - -184. Let c(u) = u**2 + 19*u - 17. Determine c(l).
3
Suppose -3*o + 2 = -5*r + 9, 0 = 5*o + 5*r - 55. Let y(l) = -8*l**2 + 11*l + 7. Let n(d) = -3*d**2 - d + 4. Let x(u) = -2*n(u) + y(u). Give x(o).
5
Suppose 0 = 38*p - 9*p + 232. Let v(r) = -3*r**2 - 6*r + 5. Let j = 30 + -28. Let q(d) = -10*d**2 - 18*d + 14. Let s(i) = j*q(i) - 7*v(i). What is s(p)?
9
Let f(g) be the first derivative of g**4/4 - 8*g**3/3 + 7*g**2/2 + 6*g - 181. Let z(i) = 5*i - 18. Let m be z(5). What is f(m)?
6
Let u(p) be the first derivative of -p**4/12 - 5*p**3/3 + 7*p**2 - 64*p - 20. Let l(w) be the first derivative of u(w). Calculate l(-11).
3
Let g(f) be the first derivative of -3*f + f**2 - 17 - 20 + 29. Determine g(-5).
-13
Let b = 481 - 474. Let q(z) = 23*z - 167. Let x be q(b). Let n(w) = -2*w - 7. Calculate n(x).
5
Let n(f) = -5*f**3 - 7*f**2 + 5*f - 3. Let y(v) = -9*v**3 - 14*v**2 + 9*v - 8. Let l(h) = -11*n(h) + 6*y(h). Give l(9).
138
Let b(u) be the third derivative of u**5/60 + u**4/24 - 4*u**3/3 - 17*u**2 - u - 63. What is b(0)?
-8
Let b(a) = a**2 + 3*a + 6. Suppose -19*q + 26*q = 35. Suppose -q*k = -15*k + 50. Suppose -4*t - 16 = k*f - 8*f, 0 = -3*f. Give b(t).
10
Let q(l) = l**3 - 20*l**2 - 11*l - 216. Suppose n + 90 = 3*h + 21, -5*n = -3*h + 93. What is q(h)?
-6
Let z(b) = 19*b - b**2 - 101 + 179 - 5*b + 2*b - 128. Determine z(12).
-2
Suppose -a = 2*m - 3, a + m = -0*m + 1. Let o be a*3*((-60)/(-9))/(-5). Let v(n) = -n**3 + 3*n**2 + 2*n + 4. Determine v(o).
-4
Let p(m) = -m**2 + m. Let b = -306 + 311. Suppose -3*i + b*i - 7*i = 0. What is p(i)?
0
Let n(k) be the second derivative of -k**5/20 - 23*k**4/12 - 7*k**3/2 + 13*k**2 - 4*